8
Let q be 2*(9/2 - -4). What is the greatest common divisor of q and 17?
17
Let p(b) = b**2 - 3*b**2 + 3*b**2 - 1 + b**3. Let h be p(2). Let o be 22/((-87)/(-27) - 3). What is the highest common factor of h and o?
11
Let o be 3 + 29 + 5 + -1. Calculate the highest common factor of o and 12.
12
Let u(a) = -54*a. Let r be ((-6)/9)/((-3)/27). Let t be (-2 + r)*(-1)/2. Let f be u(t). Calculate the highest common factor of 12 and f.
12
Let i(o) = o**3 + 4*o**2 - 2*o - 5. Let m(s) = s**3 - 7*s**2 + 10*s - 4. Let b be m(5). Let x be i(b). Calculate the highest common factor of 27 and x.
3
Let j be -2 - (-22 - 0/4). Calculate the greatest common factor of j and 20.
20
Let r = -2 - -7. Suppose 22 + 8 = -r*j. Let z(i) = -i**3 - 7*i**2 - 8*i - 7. Let c be z(j). Calculate the greatest common divisor of c and 45.
5
Let g(u) = u**2 - 3*u + 2. Let v be g(-8). What is the highest common divisor of 20 and v?
10
Let u(x) = x + 4. Let d be u(-6). Let r = 3 + d. Let g be (r - -3)*33/12. Calculate the highest common factor of 121 and g.
11
Let m be (-2)/(6/9*-1). Suppose -24 = -m*r - 0. Calculate the highest common divisor of r and 8.
8
Suppose 3*t = -b + 5*t - 4, -5*b + 5*t = 0. Suppose -b*z - 5 = -5*z. Suppose -z*k = -k - 220. What is the greatest common divisor of k and 11?
11
Suppose 2*n = -3 + 63. Suppose 4*v - n = 3*v. Suppose 3*r = 2*i + 32, 6*r + i - 39 = 2*r. What is the highest common divisor of r and v?
10
Suppose -3*v + 8*v - 700 = 0. Calculate the greatest common factor of 20 and v.
20
Let z = 16 - 1. Let n be 4*(99/(-12))/1. Let h = 102 - n. Calculate the highest common factor of z and h.
15
Let f = -213 - -93. Let p = f - -248. Calculate the highest common factor of 16 and p.
16
Let t(g) be the first derivative of g**4/4 - 4*g**3/3 + 3*g**2 + 6*g + 1. Let r be t(5). Suppose -4*a + 23 = -r. What is the greatest common divisor of 3 and a?
3
Let t(a) = -3 + 0*a + 5*a + 5 + 5*a. Let k be t(1). Calculate the highest common divisor of k and 8.
4
Let l(g) be the first derivative of 2*g**3/3 + 3*g**2/2 - 2*g + 3. Let x be l(-5). Calculate the greatest common divisor of 22 and x.
11
Suppose 3*o - 1068 = -5*i, 3*i - 1100 = -2*i + 5*o. Suppose y - 53 = -3*c, -5*c = 3*y + 45 - i. Calculate the greatest common factor of y and 155.
31
Let l be ((-1)/2 - -3)/(3/12). Calculate the highest common divisor of l and 60.
10
Let s be (9/5)/((-387)/(-180) - 2). Suppose -4*i + 14 = -10. What is the highest common factor of i and s?
6
Let a = 88 + -13. Suppose 0 = -4*b + u - 16, b + 3 = -4*u - 1. Let q be (-17)/(-1) + b + 2. What is the greatest common divisor of a and q?
15
Suppose 6*p - 5 - 7 = 0. Calculate the highest common divisor of 10 and p.
2
Suppose -w = -22 - 2. Calculate the highest common factor of w and 48.
24
Suppose 5*g - 126 = 9. Let q(p) = p**2 - 3*p. Let x be q(6). Calculate the greatest common divisor of x and g.
9
Suppose i - 65 = 2*i. Suppose 3*k = -4*t - 181, -133 = t + 2*t + 5*k. Let v = t - i. What is the highest common factor of 209 and v?
19
Let q(z) = -9*z - 5. Let x be q(-5). Let v be (4 + 14)*(1 + 0). Suppose -5*l = -5*d + 65, 2*d = -2*l + 20 + v. What is the greatest common factor of d and x?
8
Let y be (72/(-84))/((-2)/126). Calculate the highest common factor of 36 and y.
18
Let t be 25*-2*(-5)/10. Calculate the greatest common factor of 175 and t.
25
Let b be 84/10 - (-6)/(-15). Suppose 3*v - 7 = b. Suppose -14 + 64 = v*w. Calculate the greatest common factor of w and 4.
2
Let r = 7 + -4. Suppose 0 = 5*c - 2 - 8. Calculate the greatest common factor of c and r.
1
Let u = 8 - 9. Let q(n) = -30*n. Let s be q(u). Suppose -7*b + 5*p = -4*b - 70, 3*b + 4*p - 52 = 0. What is the greatest common factor of b and s?
10
Let f(g) = -g + 10. Let i be f(8). Let c be (40/(25/5))/1. Calculate the greatest common divisor of i and c.
2
Let h be (-4)/26 + 5736/104. Let p(r) = r + 11. Let l be p(0). What is the greatest common divisor of l and h?
11
Let v(a) = -12*a + 3. Suppose -2*f + 4*g + 12 = -0*f, 20 = 2*f + 4*g. Let t = 5 - f. Let i be v(t). Calculate the highest common divisor of i and 26.
13
Let c be (-4 + -2)/3 + 0. Let n(p) = -10*p**3 - p**2 + p + 2. Let g be n(c). What is the greatest common divisor of 19 and g?
19
Let g = 1 - -31. Suppose 2*k - k = 4. Calculate the highest common factor of k and g.
4
Suppose -4*y = -4, -4*c + 0*y - 3*y + 35 = 0. What is the greatest common divisor of 20 and c?
4
Let j = 522 - 171. Calculate the highest common factor of 27 and j.
27
Let g be 4/(-3) - 456/(-18). What is the greatest common divisor of 192 and g?
24
Let v = 8 + -5. Suppose v*z - 208 = 566. Suppose -z = -2*k - 2*y - 0*y, 0 = -2*k + 5*y + 251. What is the highest common divisor of 16 and k?
16
Let j(b) = -b**3 + 11*b**2 - 10*b + 3. Let m be j(10). Let y(q) = -3*q + 1. Let g be y(m). Let l = 17 + g. Calculate the greatest common divisor of 27 and l.
9
Suppose 3*f + f - 24 = -4*l, 5*f = 5*l + 10. Suppose f*c + 2*u = 74, 3*c - 58 = -3*u + u. Calculate the highest common factor of 8 and c.
8
Let h(g) = -g**3 + 6*g**2 + 10*g - 13. Let n be h(7). Calculate the highest common divisor of n and 216.
8
Let p = -57 - -127. What is the highest common divisor of 10 and p?
10
Suppose 3*h - 3*p + 3 = 2*p, -5*p - 4 = 4*h. Let v be 119 + 2*h/2. Let s = 26 + v. What is the highest common factor of s and 16?
16
Let u(v) = 3*v - 1. Let i be u(1). Suppose -3*z = i*z - 20. Suppose 2*h - 20 = 4*d, z*h + d - 5 + 1 = 0. Calculate the highest common factor of 2 and h.
2
Suppose 5*z = 3*c - 44, -2*c + 3*z = -3 - 27. Calculate the greatest common divisor of 2 and c.
2
Suppose 1 = 3*x + 3*m - 5, 0 = 3*x + m - 14. What is the greatest common divisor of x and 102?
6
Let r(x) = -x**3 + 4*x. Let f be r(-5). What is the highest common divisor of f and 70?
35
Let b = 8 + -5. Suppose 0 = b*a + a - 52. Calculate the greatest common factor of a and 39.
13
Let r = 31 + -5. Suppose 2*d = 2 + 24. What is the highest common divisor of r and d?
13
Let j = 86 - 53. Let h = -1 - -2. Let i be h - (-23 - 1*-2). Calculate the highest common divisor of j and i.
11
Suppose 0 = 5*k + 4*w - 112, 5*k - 2*w - 2*w = 88. What is the greatest common divisor of k and 5?
5
Let i = 16 + -11. Calculate the highest common divisor of 5 and i.
5
Suppose l + 9 = -11. Let s be (-3)/2*l/6. Let w(h) = h + 1. Let g be w(s). Calculate the greatest common factor of g and 4.
2
Let f(q) = -q**3 - q**2 + 2*q + 40. Let r be f(0). Calculate the highest common factor of r and 5.
5
Let h = 25 + 29. Calculate the greatest common factor of h and 6.
6
Suppose 3*k - 161 = -j - 0*k, j - 155 = -k. Calculate the greatest common factor of j and 8.
8
Let q(l) = -l**3 - 3*l**2 + l - 1. Let d be q(-7). Suppose i = -3*c + 72, 2*i - 4*c = d - 14. What is the highest common factor of 9 and i?
9
Let s(j) = j**2 + 20*j - 4. Let q be s(-21). Calculate the greatest common factor of q and 34.
17
Let b(l) = 2*l**3 + 25*l**2 + 8*l - 8. Let d be b(-12). What is the highest common divisor of 10 and d?
10
Suppose -2*f = -u + 8, 5*u - 5*f = -f + 34. What is the highest common factor of 18 and u?
6
Suppose 4*d - 5*p = -196, 3*d + 179 - 32 = -4*p. Let s = d - -169. What is the highest common factor of 15 and s?
15
Let h be 3/(-2)*8/(-6). Suppose 0*j = -3*j + 5*a + h, 3*a = 6. Suppose -4*t = 0, 2*t = -j*m - t + 48. Calculate the greatest common divisor of 30 and m.
6
Suppose 2*b = -j - 2 + 1, 5*j = -5*b + 20. Suppose 2*m + 5*d = 8, -m + 0*m - d = -7. Calculate the greatest common divisor of m and j.
9
Let z be (15/1)/(2/2). Calculate the greatest common factor of z and 5.
5
Suppose b + 18 = 2*b. What is the highest common factor of b and 2?
2
Suppose -4*k - 91 + 251 = 0. Suppose 2*s + 0*s - k = 0. Let f = 3 - -5. What is the highest common divisor of f and s?
4
Suppose 5*r - 298 = -3*n, -n + 4*r = 2*n - 253. Suppose -n = -3*d + 56. Calculate the greatest common divisor of d and 7.
7
Let s = 77 + -50. Calculate the greatest common factor of s and 3.
3
Let i(a) = 2*a - 4. Let y be i(4). Calculate the highest common factor of 32 and y.
4
Suppose 0 = -4*j - j + 300. Let q be ((-1)/(-2))/(3/j). Suppose 2*x - 6 = q. Calculate the highest common factor of 56 and x.
8
Let w be 1 + 1 - 0 - -3. Suppose -w*v + 2*v = -243. Calculate the highest common factor of v 